7/51?
1
Let s be 570/9 - 5/15. Let l = s - 22. What is the units digit of l?
1
Suppose -14 - 16 = -p. Let w(j) = 3 + 3 + p*j - 28*j - j**2. What is the units digit of w(3)?
3
Suppose -2*b = 6*b - 640. Suppose -5*o + 3*o + 4 = 0. Suppose b = o*g + 14. What is the units digit of g?
3
Suppose 0 = -19*y + 16*y - 3. Let i(f) = -3*f - 1. Let q be i(y). Suppose -q*o - 235 = -7*o. What is the tens digit of o?
4
Let u = -43 - -24. Suppose 12*b + 449 = 149. Let z = u - b. What is the units digit of z?
6
Let k(i) = -93*i + 239. What is the units digit of k(-1)?
2
Let p(l) = 15*l - 4. Let f = -10 + 10. Suppose -5*r - w - w + 12 = 0, r + 2*w - 4 = f. What is the tens digit of p(r)?
2
Suppose -5*g = -v - 42, 5*v + 228 = v + 5*g. Let r(l) = -4*l**3 + l**2 - 2*l - 1. Let y be r(-3). Let c = v + y. What is the tens digit of c?
6
Let j be 7 + 25/(-5) - 1*2. What is the hundreds digit of 562/4 + (-9)/(-6) + j?
1
Suppose -2*w - 7*b = -2*b - 1893, 2*w = -b + 1881. What is the hundreds digit of w?
9
Let t be (24/30)/((-1)/(-25)). Suppose 5*d - t + 0 = 0. Suppose 0 = -3*x + 3 - 0, d*m = -4*x + 76. What is the units digit of m?
8
Suppose -g = -6*g + 10. Suppose 4*h - 36 = -3*c, -4*h + c + g*c = -60. What is the units digit of h?
2
Let s be 1/(10/(-75)*9/(-42)). Suppose -s = -f + 140. What is the units digit of f?
5
What is the hundreds digit of 32178/18 + 2/6?
7
What is the hundreds digit of (44/(-10))/((-6)/255)?
1
Let c be 849*((-2)/4)/(1/2). Let n = -600 - c. What is the hundreds digit of n?
2
Let q(p) = 2*p**2 + 2*p**2 + 0*p**2. Suppose 4*l - 28 + 20 = 0. What is the tens digit of q(l)?
1
Let y = -38 - -80. Suppose -i + 2*i = y. What is the tens digit of i?
4
Let y = -85 + 85. Suppose 0*c - c + 2*x + 7 = 0, y = -5*x - 15. What is the units digit of c?
1
Suppose 9*s - 5243 - 13936 = 0. What is the units digit of s?
1
Suppose 6*g = 11 + 73. Suppose -9*d - 665 = -g*d. What is the tens digit of d?
3
Let i be (-23)/(-2)*(-3 - -13). Suppose -2*y - 7 = -i. Suppose 0 = -5*p + y + 206. What is the units digit of p?
2
Let o = -52 - -337. What is the tens digit of o?
8
Let p(i) = -20*i - 2. Let t be -3 - (-2 + 3)*2. What is the units digit of p(t)?
8
Let d be ((-14)/(-35))/((-2)/40). Let a = 11 + d. Suppose 0 = u - a - 9. What is the units digit of u?
2
Suppose -179 = -0*x - 2*x - 5*k, 4*x = -k + 313. What is the tens digit of x?
7
What is the units digit of 45/9 - 123*6/(-9)?
7
Suppose g - 48 = -5*g. What is the hundreds digit of (1/(-8) - 15/g) + 196?
1
Let i(s) = s**3 + 5*s**2 - 6*s - 9. Let g = -26 - -20. Let q be i(g). Let p(f) = -f + 22. What is the tens digit of p(q)?
3
Let n(x) = 26*x + 13. Let m(v) = 52*v + 26. Let j(d) = 6*m(d) - 13*n(d). What is the tens digit of j(-4)?
9
Suppose -57*y + 11552 = -49*y. What is the thousands digit of y?
1
Let h(u) = -77*u + 64. What is the units digit of h(-3)?
5
Let j(y) be the first derivative of -3*y**2 - 8*y + 7. Let d be j(-10). What is the units digit of (d/10)/((-9)/(-90))?
2
Let l(m) = -m**2 - 8*m + 7. Let n be l(-9). Let v be n - 1/1 - 2. Let r = -3 - v. What is the units digit of r?
2
Let b(k) = 88*k - 4. Let l be (-8)/20 + 0 + 7/5. What is the tens digit of b(l)?
8
Suppose -6*d + 156 = -3*d - 3*o, -4*d - 5*o + 226 = 0. Suppose 4*m - d - 626 = 0. What is the hundreds digit of m?
1
Let j(k) = k**3 + 5*k**2 + 5*k + 6. Let x be j(-4). Suppose -8*v + 690 = -31*v. What is the units digit of (5/x)/((-3)/v)?
5
Suppose -3*a = -5*c + a + 30, 3*a = 5*c - 25. Suppose -c = -j + 13. Suppose 4*v - j = -3*h + 5, -20 = -4*v - h. What is the units digit of v?
5
Suppose -3*m = -4*y - 0*m + 8, 3*y - 6 = -3*m. What is the units digit of (56/(-3))/(y/(-6))?
6
Let i(n) = 3 - 1 - 40*n + 19*n**2 - 41*n + 84*n. Suppose 2*k + 5*q = -k + 19, -2*k - 4*q = -16. What is the units digit of i(k)?
2
Let f be 2 - (0 - (-1 + 3)). Suppose -2*u = -4*d - 48, 0 = -u + 5*d + 40 - f. Let g = u - 10. What is the units digit of g?
6
Let q = 5017 + -2801. What is the thousands digit of q?
2
Let i be (1 + -3)/((-4)/30). Let l = i + -12. Suppose 0 = -l*m + 1 + 11. What is the units digit of m?
4
Let f(p) = 11*p**2 + 6*p - 14. What is the tens digit of f(-6)?
4
What is the units digit of (38/6)/((-1)/(-27))?
1
Let r(d) = -2*d**3 - 21*d**2 - 92*d + 15. What is the tens digit of r(-14)?
7
Suppose 5*u + 5*w - 7832 + 482 = 0, 0 = -2*u - 5*w + 2925. What is the thousands digit of u?
1
Let c = -9 - -13. Let x be (0 + 9)*c/12. Suppose 4*u = -2*z + 190, 45 + 38 = 2*u - x*z. What is the tens digit of u?
4
Let t be (60/(-9))/(1/(-3)). Suppose 0*m = -2*m + t. What is the tens digit of m?
1
Let f be 2*(-2)/(-4) + 4. Suppose -4*q - 24 = -40. Suppose -f - 19 = -q*s. What is the units digit of s?
6
Suppose -5*n = 10*n - 60630. What is the thousands digit of n?
4
Let i = -153 - 156. Let b = 444 + i. Suppose b = 5*n - 55. What is the tens digit of n?
3
Let w(o) = 25*o. Let m be w(-3). Let q be 54*(-4)/4 - -2. Let y = q - m. What is the units digit of y?
3
Let n(o) = o**3 + 4*o**2 + 3*o + 2. Let x be n(-2). Let w(y) = y**2 - 7*y. Let h be w(x). Let u = h - -15. What is the units digit of u?
3
Let s = 994 - -418. What is the tens digit of s?
1
Let z = -146 + 1759. What is the hundreds digit of z?
6
Let s(x) = 11*x + 4 - 3 + 10 - x. Let o be s(7). Let b = -58 + o. What is the units digit of b?
3
Suppose -4*y - 3*t + 11 = 0, 3*y + 0*y - 2 = 4*t. Let v(k) = k**2 - 6 + 2*k**2 + 1 + k**2 - y*k. What is the units digit of v(3)?
5
Let r = 53 - 66. What is the units digit of ((-66)/77)/(r/(-7) + -2)?
6
Let t(s) = -s**2 + 9*s + 17. Let u(a) = 2*a**2 - 19*a - 34. Let o(r) = -7*t(r) - 3*u(r). What is the tens digit of o(-7)?
7
Let r(z) = -z**3 - 15*z**2 + 15*z + 10. Suppose o + 0*o - 4*d = -12, 5*o - 3*d = -77. What is the tens digit of r(o)?
2
Let d be 3/(-3 + (-1382)/(-460)). What is the tens digit of (-5)/(70/(-4)) + d/35?
2
Let l(x) = -x**3 - 5*x**2 - 5. Let z be l(-5). Suppose 67 = 5*a + 17. What is the tens digit of (-4)/a*350/z?
2
Let k be 2/7 + (-340)/14. Let c be k/3 + 6/2. What is the units digit of c/20 - 74/(-8)?
9
Let m(p) = 4*p**2 + 4*p - 1. Let w(g) = g**2 + g + 1. Let x(s) = -m(s) + 5*w(s). Let f be (-4 - 55/(-10))*-2. What is the units digit of x(f)?
2
Let x be (1917 + 9)*(0 + 2/4). What is the tens digit of (x/2)/9*2?
0
Let q = -447 - -637. Suppose -80 = 2*f - q. What is the tens digit of f?
5
Let i(w) be the second derivative of 5*w**3/6 + 7*w**2/2 + 15*w. What is the units digit of i(10)?
7
Let y = -4197 - -7200. What is the tens digit of y?
0
Suppose -3*k + 11*w - 6*w + 39 = 0, -5*k + 84 = -2*w. What is the hundreds digit of (k/(-15))/(4/(-470))?
1
Let s = 2285 - -1004. What is the hundreds digit of s?
2
Let s = -47 - 18. What is the units digit of 3 + 0 + -3 - s?
5
Suppose -2*h = -g + 3*g - 46, -g - 2*h + 27 = 0. Suppose 0 = -3*i - 4 + g. Suppose 0 = -2*l + i*t - 0*t + 37, 3*t - 45 = -3*l. What is the tens digit of l?
1
What is the tens digit of (-6)/27 - (-25040)/90?
7
Let o = 308 - 277. What is the units digit of o?
1
Let y(l) = -5*l + 4. Let r be y(-5). Suppose -2*b = -4*m + 32, 5*b - 3*m + 94 = -7*m. Let i = b + r. What is the units digit of i?
1
Let y = 31 - -71. What is the units digit of y?
2
Suppose -c - 3*c - 12 = 4*f, 4*c + 15 = -5*f. Let n be f - (-4)/(4/5). What is the units digit of (-1)/(n/(-86)) - 0?
3
Let q = 99 + -66. Suppose -29*f + q*f - 440 = 0. What is the tens digit of f?
1
Let v = 224 - -45. What is the hundreds digit of v?
2
Let j(d) = d**2 - d + 322. What is the tens digit of j(20)?
0
Let m be -3 + (19 - (6 - 3)). Let x = m + -10. Suppose 34 = -p + x*p. What is the tens digit of p?
1
Let r(a) = -a**2 - 6*a + 1745. What is the thousands digit of r(0)?
1
What is the hundreds digit of 2584/10 + (-30)/75?
2
Let i(v) = 8*v**2 - 130*v - 31. What is the hundreds digit of i(19)?
3
Let k be (1935/75)/(1/5). Suppose -3*q + 355 = -w, -q + w + k = -2*w. What is the units digit of q?
7
Suppose 2*a + 670 = 4*t, -5*a = 3*t - 0*a - 509. What is the units digit of t?
8
Suppose 3*q = 3*n - 1695, 2*q - 5*q = -6. What is the units digit of n?
7
Suppose -4*c - q = -438 - 103, -q + 1 = 0. Let v = c - 65. What is the tens digit of v?
7
Let i(v) = -2*v - 3. Let u(p) = 4*p + 6. Let m(q) = -7*i(q) - 4*u(q). Let d be m(0). Let z(b) = -7*b - 4. What is the units digit of z